 when l is divided by 131.
127
Suppose 0 = 49*o - 45*o. What is the remainder when (o - (-1 + -4)) + 49 is divided by (0 - 1)*(7 - 26)?
16
Suppose 2*k - 108 = -2*k. Suppose 3*a - k = 12. Let n(l) = l**2 + 21*l + 78. What is the remainder when n(-18) is divided by a?
11
Let b(y) = -5*y**2 - 12*y - 36. Let v(z) = -6*z**2 - 12*z - 35. Let x(h) = -4*b(h) + 3*v(h). What is the remainder when x(-16) is divided by 10?
9
Let g(o) be the third derivative of 5*o**4/12 - 151*o**3/6 + 88*o**2. Calculate the remainder when g(18) is divided by 8.
5
Let q(f) = 5*f**2 - 6*f + 1. Let b be q(3). Suppose -b*c + 195 = -29. What is the remainder when 69 is divided by c?
5
Suppose 28*l - 23898 = 11746. Calculate the remainder when l is divided by 157.
17
Suppose -1756*x + 1759*x - 21 = 0, 4411 = 4*q + x. Calculate the remainder when q is divided by 115.
66
Let y(j) = 14*j**2 + 6*j + 2. Let k be y(-2). Suppose -16 - k = -2*w. Suppose -6*m = w - 277. Calculate the remainder when 162 is divided by m.
39
Let r = -125 + 323. Let z = 61 - r. Let k = -124 - z. Calculate the remainder when 58 is divided by k.
6
Suppose -48*j + 10*j + 684 = 0. Let w(b) = 2*b**2 + 3*b + 6. Calculate the remainder when w(5) is divided by j.
17
Let o(d) = 29*d - 60. Let v be o(2). What is the remainder when (-4)/6 + (-1326)/(-18) is divided by v/(-14) + (-9)/(504/(-2120))?
35
Let h = -2981 - -3434. Calculate the remainder when h is divided by 59.
40
Let r(a) be the first derivative of a**4/4 - 8*a**3/3 + 5*a**2/2 + 10*a - 11. Let j be r(7). What is the remainder when 143 is divided by (j + 22/6)*-87?
27
Let u = -38 - 133. Let p = u - -203. Calculate the remainder when 186 is divided by p.
26
Let n = -26 - -31. Suppose 9 - 49 = n*r. Let m = r - -19. Calculate the remainder when 29 is divided by m.
7
Suppose -2*z + 76 = -3*j, 0 = -4*j + 4*z - 2*z - 102. Let t = j + 27. Calculate the remainder when 29 is divided by t/((-44)/(-20) - 2).
4
Suppose 0 = -2*q + n + 37, -5*n = 2*q - 20 - 11. Let o(y) = 20*y - 522. Calculate the remainder when o(30) is divided by q.
6
Let f = 184 + -185. Calculate the remainder when 181 is divided by ((-2 - -6) + -145)*f/3.
40
Let g(d) = 11*d**2 + 9 - 19*d - 31 + d**3 - 21. Calculate the remainder when g(-12) is divided by 32.
9
Suppose 2*n + 8 = 3*n - 3*r, -n - 2*r + 3 = 0. Suppose n = -5*y + 415. What is the remainder when y is divided by 22?
16
Let g = -85 - -89. Suppose 5*k + q = 9, 10 + 3 = g*k - 5*q. Suppose k*m - 109 - 193 = 0. Calculate the remainder when m is divided by 31.
27
Let w = -130 + 130. Let j(y) = -y**2 + 8*y - 11. Let i be j(5). Suppose w*v + 8 = i*v. What is the remainder when v is divided by 1?
0
Suppose -10*m + 5*m + 1 = -4*q, -2*q - 4*m + 32 = 0. What is the remainder when 223 is divided by q?
1
Suppose 0 = 130*q - 136*q + 1668. Suppose 349 = 279*a - q*a. Calculate the remainder when a is divided by 10.
9
Let l = 447 - 507. What is the remainder when 35 is divided by 99/7 + l/(-70)?
5
Let o(j) = -j**3 + 11*j**2 - 17*j - 5. Let m be o(9). Suppose m*h + 9 = 3*h. Let l = h + 31. What is the remainder when 62 is divided by l?
18
Suppose -11*k + 13447 = 7166. Calculate the remainder when k is divided by 553.
18
Let m = 8219 + -8030. Calculate the remainder when m is divided by 177.
12
Suppose 1916 = 2*a - 4*f, 0 = 4*a - 0*a + 3*f - 3854. Suppose -a = -8*k - 18*k. Calculate the remainder when k is divided by 11.
4
Calculate the remainder when (-2)/3 + 388/6 is divided by (-21930)/1462 + ((-434)/(-6) - (-2)/(-6)).
7
Let d(l) = -l**2 - 13*l + 8. Let i be d(-6). Let a = i + -18. Suppose -b - a = -5*b. What is the remainder when b is divided by 2?
0
Suppose -7771 = -62*b + 4257. What is the remainder when b is divided by 18?
14
Suppose 5*w - 70 = -x, -99*w + 105*w - x - 95 = 0. What is the remainder when 392 is divided by w?
2
Suppose 20*b + 720 = 29*b. What is the remainder when b is divided by (-2)/7 + ((-988)/(-28) - 4)?
18
Let o(b) = -403*b - 13648. Let d be (-5)/(-1)*(-2 + 3). Suppose 3*i - 2*m = 28 - 2, -m = d*i - 39. What is the remainder when o(-34) is divided by i?
6
Let l(k) = 8*k + 188. Let i be l(-19). Calculate the remainder when 7*141/15 - i/45 is divided by 30.
5
Suppose 0 = 4*j + g + 3*g - 228, 0 = j + 2*g - 61. Suppose -19*u = 41 - 212. What is the remainder when j is divided by u?
8
Let g = 17369 + -17084. Calculate the remainder when g is divided by 26.
25
Let l be (-369)/(-12)*(-96)/(-36). Let s = l + -51. Suppose 5*q - 115 = 5*d, s = 5*q - d - 84. Calculate the remainder when 89 is divided by q.
20
Let u(z) = 3*z**3 + 3*z**2 - 20*z + 20. Let a be u(4). Suppose 2*s - 65 = -3*w + a, -2*s = w - 79. Calculate the remainder when 412 is divided by w.
80
Suppose 0*w = 5*h - 4*w - 45, -5*w - 35 = -2*h. Let y(a) = -a**3 + 7*a**2 - 8*a + 4. What is the remainder when 38*5/30*15 is divided by y(h)?
11
Calculate the remainder when 1249 is divided by ((-5421)/(-78))/((-3)/2 - -2).
137
Calculate the remainder when 1414 is divided by (-155 - 3)/(26/39*-3).
71
Suppose 12*s = 126 + 54. What is the remainder when 5/5*(-1 + 23) is divided by s?
7
Let y = 109 - 100. Suppose 0 = -3*n + y + 27. What is the remainder when 165 is divided by n?
9
Let t = 1192 - 766. Calculate the remainder when 422 is divided by (30/(-45))/((-4)/t).
67
Let u = 62 + -54. Suppose -204 - 13 = -7*w. Let i = u + w. What is the remainder when i is divided by 14?
11
Let a = -495 - -566. Suppose -2*j + 4*n + a = -n, n = -3*j + 81. Calculate the remainder when 4 + -2 - 3 - -105 is divided by j.
20
Let z(r) = 2*r**3 + 3*r**2 - r - 1. Let w be z(1). Suppose -w*p = -9*p + 18. Suppose a + p*a = 68. Calculate the remainder when 32 is divided by a.
15
Let a(h) = h + 23. Let u be a(-11). Let t = u + -12. Suppose t = -n - 5*n + 42. What is the remainder when 24 is divided by n?
3
Suppose -25*r = -48*r - 593 + 3100. What is the remainder when 320 is divided by r?
102
Suppose -4 = -4*f + 5*f. Calculate the remainder when (-46 - -44)/(2/(-144)) is divided by (-4 - (-39)/(-12))*f.
28
Suppose 109*h = 64*h + 30375. Calculate the remainder when h is divided by 99.
81
Let u = 8 + -6. Suppose -4*m + 2*t + 378 = 0, -5*m + 28*t - 31*t + 467 = 0. What is the remainder when m is divided by (u/(-4))/((-2)/96)?
22
Let f = 478 - 307. Suppose -11*h + f + 236 = 0. Calculate the remainder when h is divided by 20.
17
Suppose 0 = 23*g + 3108 - 7364 - 12902. Calculate the remainder when g is divided by 22.
20
Let p be (200/(-12))/5*(-30 + 0). What is the remainder when 178 is divided by (15*5/p)/(2/32)?
10
Let m = -9517 + 9655. Calculate the remainder when 1515 is divided by m.
135
Suppose -5*w - 90 = 45. Calculate the remainder when (-4)/(-3) - 531/w is divided by 11.
10
Suppose -9*n - 2181 = -18*n + 132. Calculate the remainder when n is divided by 49.
12
Let c(x) = 6*x + 1. Let w = -35 + 44. Suppose w*k = 8*k + 13. Calculate the remainder when k is divided by c(1).
6
Suppose 18475*m - 18490*m = -25065. Calculate the remainder when m is divided by 331.
16
Let d(r) = 2*r**2 + 34*r - 15. Let s be d(-18). Suppose 0 = 5*v - 2*k - 77, -5*k + 19 + s = 3*v. What is the remainder when 21 is divided by v?
6
Suppose -173 = -0*u - u. Let z(f) = -2*f**2 + 37*f + 232. Let j be z(-8). Calculate the remainder when u is divided by 1*-6*(7 + j/18).
19
What is the remainder when 3/((34/4)/(-17)) + 319 is divided by 72?
25
Let v = 489 - 425. What is the remainder when 78 is divided by (-282)/(-8) - (-48)/v?
6
Suppose 6*u = u + 25, 0 = -2*k + 3*u + 117. Let c(x) = 1668*x - 9881. Calculate the remainder when c(6) is divided by k.
61
Suppose f - 6*f = 5*g - 1455, 5*g = 3*f + 1391. What is the remainder when g is divided by 26?
23
Suppose 2*v + 0*v = 0. Suppose v = -t - 2*t + 60. Let n(b) = b + 20. Calculate the remainder when t is divided by n(-8).
8
Suppose -24*i + 211*i - 375530 = 17*i. Calculate the remainder when i is divided by 123.
118
Suppose -5*s + 228 = 4*n, -s + 3*n + 25 = -13. What is the remainder when 161 is divided by s?
29
Let u(v) = v**3 - 12*v**2 + 31*v - 1. Let s(w) = -w**3 - 19*w**2 - 3*w - 45. Calculate the remainder when u(9) is divided by s(-19).
11
Suppose 3*t + 4 = 3*g + 1, 0 = -3*t + 3. What is the remainder when (-1 - g)*165/(-5) is divided by 17/(7/2 + (-4 - -1))?
31
Let p = -6926 - -7058. What is the r